2)*-9). Suppose -18*w + 96 = -a*w. What is the highest common factor of 768 and w?
48
Let j(a) = 157*a - 130. Let w be j(1). What is the highest common factor of 4113 and w?
9
Suppose -k = 12 - 14. Suppose 67 + 19 = k*g + 5*u, 129 = 3*g + 5*u. Calculate the highest common divisor of g and 1.
1
Let o = 1623 - 471. What is the greatest common divisor of 5568 and o?
192
Suppose -1550 - 7064 = -611*l - 1893. Let p = -472 - -1033. Calculate the greatest common factor of p and l.
11
Suppose -2*u + 2 = 0, 4*u - 1 = -x + 3. Let y be -13 + (-2 - (0 + x)). Let t be -6*-5*(-5)/y. Calculate the greatest common divisor of 4 and t.
2
Let x(u) = -49*u - 120. Let k be x(5). Let y = -295 - k. What is the greatest common factor of y and 40?
10
Suppose 4*b - m = 282, b + m - 5*m = 63. Suppose 3*x = -2*o + 157, 365*o + 3*x = 369*o - 269. What is the highest common divisor of o and b?
71
Suppose 0*u + 34 = 2*u. Suppose 152*m - 1330 = 147*m. Let c = 555 - m. What is the highest common divisor of c and u?
17
Let h(t) = -3*t**2 - 14*t + 22. Let l be h(-7). Let u = -30 - l. Let f be 161 + (-2)/(-6)*u. Calculate the greatest common divisor of f and 32.
32
Let l(d) = d + 1. Let v(w) = -5*w - 16. Let x(a) = -2*l(a) - v(a). Let u be x(0). Suppose 10*m - 6*m = 56. What is the greatest common factor of m and u?
14
Let k = 150 + 357. Let x = k + -377. Calculate the greatest common divisor of 15 and x.
5
Let t(o) be the third derivative of -4*o**2 + 0*o - 1/12*o**4 + 1/60*o**5 + 0 - 7/6*o**3. Let b be t(7). Calculate the greatest common divisor of 14 and b.
14
Let a = 448 - 427. What is the highest common factor of a and 91?
7
Let j be (-3537)/(-189) + (-2)/(-7). Let f be (3 + 0)/((-3)/(-57)). What is the highest common factor of j and f?
19
Let b = 92 + -8. Let d be (-140)/b - (-23)/3. Suppose -2*q + 0 + 4 = 0. What is the highest common factor of q and d?
2
Let z(g) = -g**3 - 34*g**2 + 28*g - 73. Let u(h) = 11*h - 222. Let r be u(17). Let a be z(r). Calculate the greatest common divisor of a and 129.
43
Suppose -327*g - 2332 = -338*g. Calculate the greatest common factor of 901 and g.
53
Suppose -1584 = -3*h + 11*h - 24*h. What is the greatest common factor of 4213 and h?
11
Suppose -3*w - 4*i = -348, w - 18*i + 16*i - 146 = 0. What is the highest common factor of w and 568?
8
Let w = -10796 + 12532. Calculate the highest common factor of w and 21.
7
Suppose -w + 3*w - f - 292 = 0, 12 = -3*f. Let z be -2 + 8 + -3 - -5. Calculate the greatest common factor of w and z.
8
Suppose 0 = -2*z + x + 223, 627*z - 624*z - 5*x = 345. What is the greatest common factor of 1045 and z?
55
Let y = -131 - -338. Suppose 13*h + 93 = 2*i + 10*h, h - y = -4*i. Calculate the highest common factor of 561 and i.
51
Let x be (-3*1)/(6/(-68)). Let c be 40 + -54 + 17 + -1. What is the highest common factor of c and x?
2
Let h(g) = -g**2 + 8*g - 5. Let s be h(0). Let l be (-1246)/(-70) + 4/(-5) - s. Calculate the highest common factor of 154 and l.
22
Suppose 0*r + 5*r - 13 = 4*v, 2*r + 4*v = 22. Suppose -r*a + 1013 = 853. Calculate the greatest common factor of 4 and a.
4
Suppose -3*d + 3*z = -54, -2*z - 66 = -28*d + 24*d. What is the highest common factor of d and 325?
5
Suppose -6 = -41*p + 44*p. Let k be 5 - p/(-2)*(-77 - -1). Calculate the greatest common factor of k and 81.
81
Suppose -4*q = 4*g - 48 - 8, -5*g = 4*q - 70. Let r be (137 - -3)/((-9)/15 + 1). Calculate the greatest common factor of g and r.
14
Suppose 9*x = 10*x - 16. Let l(n) = -8*n**2 + 131*n - 316. Let w be l(12). What is the highest common divisor of x and w?
8
Suppose 2*l - 4*j - 72 = -0*l, -5*l = -j - 207. Let p = l + -12. Let f be (14/(-6) - -3)*p. What is the greatest common divisor of f and 8?
4
Let r = 25012 + -24643. What is the greatest common factor of 999 and r?
9
Let f = 280 - 272. Suppose x + 5 = 0, 0 = -5*v - f*x + 10*x + 2540. Calculate the highest common factor of 46 and v.
46
Suppose -5*z + 40 = 5*s, -49*s - 2*z = -54*s + 82. What is the greatest common factor of 77 and s?
7
Let c = 366 + -126. Suppose 0 = -5*i - 47 + 52. Let k be 3481/118 + i/2. What is the greatest common divisor of k and c?
30
Let z be (-307)/(-2) + 90/(-20). What is the greatest common factor of z and 40677?
149
Suppose -4*a = -3 - 5. Let l(g) = 4 - g + 2*g - 6*g - 4*g - g**a. Let m be l(-5). What is the greatest common divisor of 12 and m?
12
Let w = -35 - -69. Suppose -386 = -4*g - w. Suppose -152 - g = -2*x + n, -2*x - 3*n + 240 = 0. Calculate the highest common divisor of x and 15.
15
Let m be (-17692)/(-28) + (-6)/(-84)*2. Calculate the greatest common factor of m and 16.
8
Suppose 0 = -k + s + 10776, -998*s + 995*s = -k + 10760. What is the highest common factor of k and 96?
32
Let d(q) be the third derivative of q**5/60 - 4*q**4/3 + 64*q**3/3 + 4*q**2 - 2*q. Let z be d(28). What is the highest common factor of z and 1296?
16
Suppose 49*d - 359172 = -22*d + 27*d. What is the highest common divisor of d and 27?
9
Suppose -10*p - 247 = 3*p. Let d be (-5)/4*(-7 - p). Let n = d - -99. What is the highest common divisor of n and 12?
12
Let w be 51*(56/12)/7. Let x = w + -35. Let r be (-1 + -28)/(1*x). Calculate the highest common factor of 29 and r.
29
Suppose -2*m + 106 = -3*s, 5*m + 4*s - 242 = -0. What is the greatest common factor of 4800 and m?
50
Let m(a) = 3*a + 144. Let i be m(46). Suppose -i = -10*o + 868. What is the greatest common factor of o and 161?
23
Let i = 20322 + -20317. What is the greatest common divisor of 4650 and i?
5
Let r(m) = 5*m + 98. Let g be r(-18). Suppose -53 = -g*a + 163. What is the greatest common factor of a and 1?
1
Suppose -c - 49 = -8*c. Suppose -3*i + 7 + c = q, 0 = -3*q + 15. Suppose -i*f + 209 = 4*p, -2*f - 2*f = -p + 38. What is the highest common factor of p and 20?
10
Suppose -5*k + 2*s + 246 = -2*s, -s = -4*k + 199. Let v = k + 86. Suppose 0 = -l - 0*l + v. What is the greatest common divisor of l and 34?
34
Let b be 927/(171/(-209)*-11). What is the greatest common divisor of b and 515?
103
Let q = -3206 + 3248. What is the greatest common divisor of q and 108?
6
Let y(q) be the third derivative of q**5/60 - 7*q**4/24 - 35*q**3/6 + 14*q**2. Let o be y(-14). What is the highest common divisor of 37 and o?
37
Let x(z) = z**2 + z - 27. Let u be x(5). Suppose 6*b - u*b = 2*i + 105, i = 3*b - 102. What is the greatest common factor of 6 and b?
3
Suppose 445 = 28*h - 871. Suppose -c - 4*l = -15, 0*c = 4*c + 3*l - h. What is the highest common factor of c and 187?
11
Let b be (-6)/(-15) + (-279)/(-15). Let r be (6/(-15))/(b/10 + -2). Suppose r*f = 3*f + 96. What is the greatest common factor of f and 32?
32
Let v(b) be the third derivative of -b**5/20 + 31*b**4/24 + 10*b**3/3 - 90*b**2 - 2*b. Let k be v(9). What is the greatest common divisor of k and 16?
8
Let z be -548*148/20*-1 - 224/(-280). What is the greatest common divisor of z and 96?
24
Suppose -20*c + 25*c = -5*q + 9095, -5*q + 3*c = -9063. What is the greatest common divisor of q and 968?
121
Let a(b) = b**2 + 165*b - 1598. Let u be a(10). Calculate the highest common divisor of 2090 and u.
38
Let g be -1 + (1 + 0 - (3 + 22)). Let j be (60/g)/((-2)/75) - -1. Suppose -10*n + 139 + j = 0. What is the highest common factor of 253 and n?
23
Let g(b) = -b**3 + 8. Let o be g(0). Suppose 3*u = u + o. Suppose -2*h = -125 + 37. What is the highest common divisor of u and h?
4
Let t be (-107)/(1284/288)*4/(-3). Suppose 38 = 2*y + y - 2*h, -h - 75 = -5*y. Calculate the highest common divisor of y and t.
16
Let h = 37 + 97. Let f = h + -69. What is the greatest common factor of f and 52?
13
Suppose 3*v - 3899 = 4*l, 6*v - 5212 = 2*v + 2*l. Let u be (-2)/(-5)*v/(-9). Let h = -44 - u. Calculate the greatest common divisor of h and 2.
2
Let v be (-28)/70 - 454/(-10). Let u be (v/6)/((-8)/(-80)). What is the greatest common divisor of u and 225?
75
Let b be (-22932)/(-26) - (0 + -8). What is the highest common factor of 40 and b?
10
Let j(c) = -3*c - 15. Let n be j(14). Let z = n + 89. What is the greatest common factor of z and 8?
8
Let z(x) = x**3 - 63*x**2 - 197*x + 20. Let n be z(66). Calculate the greatest common divisor of 817 and n.
43
Let f be 2 + -2 - (-1 - 5). Let u be (-16)/18 - ((-1022)/(-126) + -8). Let q be -2 - 33/u*4/3. What is the hi